{"id":7,"date":"2015-07-17T21:06:51","date_gmt":"2015-07-17T20:06:51","guid":{"rendered":"http:\/\/www.conseil-formation-nutrition.com\/mfklucker\/?page_id=7"},"modified":"2017-10-22T15:02:24","modified_gmt":"2017-10-22T14:02:24","slug":"conseil","status":"publish","type":"page","link":"https:\/\/www.conseil-formation-nutrition.com\/mfklucker\/conseil\/","title":{"rendered":"conseil"},"content":{"rendered":"<div class=\"vc_row wpb_row vc_row-fluid\">\n\t<div class=\"vc_col-sm-12 wpb_column vc_column_container\">\n\t\t<div class=\"wpb_wrapper\">\n\t\t\t\n\t<div class=\"wpb_text_column wpb_content_element  wpb_animate_when_almost_visible wpb_appear\">\n\t\t<div class=\"wpb_wrapper\">\n\t\t\t<h1 style=\"text-align: left;\">Consulting scientifique et r\u00e9glementaire au service de la Sant\u00e9 et de la Nutrition<\/h1>\n\n\t\t<\/div> \n\t<\/div> <div class=\"vc_empty_space\"  style=\"height: 32px\" ><span class=\"vc_empty_space_inner\"><\/span><\/div>\n\n\n\t\t<\/div> \n\t<\/div> \n\n\t<div class=\"vc_col-sm-12 wpb_column vc_column_container\">\n\t\t<div class=\"wpb_wrapper\">\n\t\t\t<div class=\"vc_row wpb_row vc_inner vc_row-fluid\">\n\t<div class=\"vc_col-sm-4 wpb_column vc_column_container\">\n\t\t<div class=\"wpb_wrapper\">\n\t\t\t<div class=\"vc_empty_space\"  style=\"height: 32px\" ><span class=\"vc_empty_space_inner\"><\/span><\/div>\n\n\n\t\t<\/div> \n\t<\/div> \n\n\t<div class=\"vc_col-sm-4 wpb_column vc_column_container\">\n\t\t<div class=\"wpb_wrapper\">\n\t\t\t<div class=\"invicta_iconbox wpb_content_element default\"><div class=\"icon\"><i class=\"icon-cogs\"><\/i><\/div><div class=\"content\"><div class=\"title\">Une approche transversale et structurante sur diff\u00e9rents aspects: <\/div><div class=\"text\">Scientifique, Qualit\u00e9, Innocuit\u00e9, R\u00e9glementaire<\/div><\/div><\/div>\n\t\t<\/div> \n\t<\/div> \n\n\t<div class=\"vc_col-sm-4 wpb_column vc_column_container\">\n\t\t<div class=\"wpb_wrapper\">\n\t\t\t<div class=\"vc_empty_space\"  style=\"height: 32px\" ><span class=\"vc_empty_space_inner\"><\/span><\/div>\n\n\n\t\t<\/div> \n\t<\/div> \n<\/div><div class=\"vc_row wpb_row vc_inner vc_row-fluid\">\n\t<div class=\"vc_col-sm-4 wpb_column vc_column_container\">\n\t\t<div class=\"wpb_wrapper\">\n\t\t\t<div class=\"invicta_iconbox wpb_content_element default\"><div class=\"icon\"><i class=\"icon-home\"><\/i><\/div><div class=\"content\"><div class=\"title\">Pour les entreprises des secteurs: <\/div><div class=\"text\">Pharmaceutique, Chimique, Biotechnologique, Agro-alimentaire...<\/div><\/div><\/div>\n\t\t<\/div> \n\t<\/div> \n\n\t<div class=\"vc_col-sm-4 wpb_column vc_column_container\">\n\t\t<div class=\"wpb_wrapper\">\n\t\t\t<div class=\"vc_empty_space\"  style=\"height: 32px\" ><span class=\"vc_empty_space_inner\"><\/span><\/div>\n\n\n\t\t<\/div> \n\t<\/div> \n\n\t<div class=\"vc_col-sm-4 wpb_column vc_column_container\">\n\t\t<div class=\"wpb_wrapper\">\n\t\t\t<div class=\"invicta_iconbox wpb_content_element default\"><div class=\"icon\"><i class=\"icon-suitcase\"><\/i><\/div><div class=\"content\"><div class=\"title\">Pour les centres de recherche acad\u00e9miques<\/div><div class=\"text\">mais aussi les incubateurs, les cellules de transfert de technologie<\/div><\/div><\/div>\n\t\t<\/div> \n\t<\/div> \n<\/div><div class=\"vc_empty_space\"  style=\"height: 50px\" ><span class=\"vc_empty_space_inner\"><\/span><\/div>\n\n\n\t\t<\/div> \n\t<\/div> \n<\/div><div class=\"vc_row wpb_row vc_row-fluid\">\n\t<div class=\"vc_col-sm-12 wpb_column vc_column_container\">\n\t\t<div class=\"wpb_wrapper\">\n\t\t\t\n\t<div class=\"wpb_text_column wpb_content_element  wpb_animate_when_almost_visible wpb_appear\">\n\t\t<div class=\"wpb_wrapper\">\n\t\t\t<div class=\"wpb_text_column wpb_content_element  wpb_animate_when_almost_visible wpb_appear wpb_start_animation\">\n<div class=\"wpb_wrapper\">\n<h1 style=\"text-align: left;\">Un partenariat sur mesure tout au long de vos projets<\/h1>\n<\/div>\n<\/div>\n\n\t\t<\/div> \n\t<\/div> <div class=\"vc_empty_space\"  style=\"height: 32px\" ><span class=\"vc_empty_space_inner\"><\/span><\/div>\n\n<div id=\"invicta_steps_69e65a1b627af\" class=\"invicta_steps wpb_content_element\"><div class=\"step\" style=\"width:25%\"><div class=\"line\"><\/div><div class=\"icon wpb_animate_when_almost_visible wpb_appear\"><i class=\"icon-eye-open\"><\/i><\/div><div class=\"info\"><div class=\"name\">Diagnostic Strat\u00e9gique <\/div><div class=\"text\">En amont du projet: accompagner la d\u00e9finition de votre strat\u00e9gie, le profil-cible de votre nouveau produit<\/div><\/div><\/div><div class=\"step\" style=\"width:25%\"><div class=\"line\"><\/div><div class=\"icon wpb_animate_when_almost_visible wpb_appear\"><i class=\"icon-search\"><\/i><\/div><div class=\"info\"><div class=\"name\">Recherche &amp; D\u00e9veloppement Pr\u00e9clinique <\/div><div class=\"text\">Accompagnement op\u00e9rationnel<\/div><\/div><\/div><div class=\"step\" style=\"width:25%\"><div class=\"line\"><\/div><div class=\"icon wpb_animate_when_almost_visible wpb_appear\"><i class=\"icon-tags\"><\/i><\/div><div class=\"info\"><div class=\"name\">Pr\u00e9paration de Mise sur le March\u00e9<\/div><div class=\"text\">Support r\u00e9glementaire et r\u00e9dactionnel<\/div><\/div><\/div><div class=\"step\" style=\"width:25%\"><div class=\"line\"><\/div><div class=\"icon wpb_animate_when_almost_visible wpb_appear\"><i class=\"icon-cogs\"><\/i><\/div><div class=\"info\"><div class=\"name\">Optimisation du Cylce de Vie de vos Produits<\/div><div class=\"text\">Support \u00e0 la maintenance r\u00e9glementaire et pr\u00e9paration \u00e0 l\u2019\u00e9volution de vos produits (variations CMC)<\/div><\/div><\/div><\/div><div class=\"vc_empty_space\"  style=\"height: 50px\" ><span class=\"vc_empty_space_inner\"><\/span><\/div>\n\n\n\t\t<\/div> \n\t<\/div> \n<\/div><div class=\"vc_row wpb_row vc_row-fluid\">\n\t<div class=\"vc_col-sm-12 wpb_column vc_column_container\">\n\t\t<div class=\"wpb_wrapper\">\n\t\t\t\n\t<div class=\"wpb_text_column wpb_content_element  wpb_animate_when_almost_visible wpb_appear\">\n\t\t<div class=\"wpb_wrapper\">\n\t\t\t<h1 style=\"text-align: left;\">Optimiser le d\u00e9veloppement de vos produits<\/h1>\n\n\t\t<\/div> \n\t<\/div> <div class=\"vc_row wpb_row vc_inner vc_row-fluid\">\n\t<div class=\"vc_col-sm-8 wpb_column vc_column_container\">\n\t\t<div class=\"wpb_wrapper\">\n\t\t\t\n\t<div class=\"wpb_text_column wpb_content_element \">\n\t\t<div class=\"wpb_wrapper\">\n\t\t\t<ul>\n<li><strong>Supervision<\/strong> scientifique et technique du<strong> plan de d\u00e9veloppement<\/strong> de vos produits:<br \/>\n\u2022 Formulation, caract\u00e9risation et stabilit\u00e9<br \/>\n\u2022 Protocoles et r\u00e9sultats d\u2019\u00e9tudes pr\u00e9cliniques (preuves de l\u2019effet, de l\u2019innocuit\u00e9)<\/li>\n<li><strong>Suivi<\/strong> de vos \u00e9tudes en sous-traitance, <strong>monitoring d\u2019\u00e9tudes\u00a0 toxicologiques<\/strong> (CRO)<\/li>\n<li>Gestion de la <strong>conformit\u00e9<\/strong> aux r\u00e9f\u00e9rentiels Qualit\u00e9 (BPL, HACCP)<\/li>\n<li>\u00c9laboration de votre <strong>strat\u00e9gie r\u00e9glementaire<\/strong> et pr\u00e9paration des <strong>documents<\/strong> de soumission aux autorit\u00e9s de sant\u00e9<br \/>\n(pr\u00e9 et post approbation)<\/li>\n<li>Support \u00e0 la <strong>valorisation de vos r\u00e9sultats<\/strong> scientifiques<br \/>\n(r\u00e9daction et traduction scientifique)<\/li>\n<\/ul>\n\n\t\t<\/div> \n\t<\/div> \n\t\t<\/div> \n\t<\/div> \n\n\t<div class=\"vc_col-sm-4 wpb_column vc_column_container\">\n\t\t<div class=\"wpb_wrapper\">\n\t\t\t\n\t<div class=\"wpb_single_image wpb_content_element vc_align_center\">\n\t\t<div class=\"wpb_wrapper\">\n\t\t\t\n\t\t\t<img loading=\"lazy\" decoding=\"async\" width=\"180\" height=\"185\" src=\"https:\/\/www.conseil-formation-nutrition.com\/mfklucker\/wp-content\/uploads\/2015\/07\/LOGO_MFK_Vertical-Horizontal.jpg\" class=\" vc_box_border_grey attachment-full\" alt=\"\" \/>\n\t\t<\/div> \n\t<\/div> \n\t\t<\/div> \n\t<\/div> \n<\/div><div class=\"vc_empty_space\"  style=\"height: 32px\" ><span class=\"vc_empty_space_inner\"><\/span><\/div>\n\n\n\t\t<\/div> \n\t<\/div> \n<\/div><div class=\"vc_row wpb_row vc_row-fluid\">\n\t<div class=\"vc_col-sm-8 wpb_column vc_column_container\">\n\t\t<div class=\"wpb_wrapper\">\n\t\t\t\n\t<div class=\"wpb_text_column wpb_content_element \">\n\t\t<div class=\"wpb_wrapper\">\n\t\t\t<h1 style=\"text-align: left;\">Agr\u00e9ment Cr\u00e9dit Imp\u00f4t Recherche (CIR)<\/h1>\n\n\t\t<\/div> \n\t<\/div> \n\t<div class=\"wpb_text_column wpb_content_element \">\n\t\t<div class=\"wpb_wrapper\">\n\t\t\t<p>Vous \u00eates dirigeant d&rsquo;une PME du secteur (bio)pharmaceutique et l\u2019<strong>acc\u00e9l\u00e9ration du d\u00e9veloppement de vos projets innovants<\/strong> n\u00e9cessite :<\/p>\n<ul>\n<li>des comp\u00e9tences scientifiques sp\u00e9cifiques, non pourvues en interne,<\/li>\n<li>et un dispositif financier incitatif.<\/li>\n<\/ul>\n<p>Mon expertise pr\u00e9clinique et ma capacit\u00e9 \u00e0 mener des activit\u00e9s de R&amp;D pour le compte d\u2019entreprises viennent d\u2019\u00eatre reconnues par le Minist\u00e8re de l\u2019Enseignement Sup\u00e9rieur, de la Recherche et de l\u2019Innovation (MESRI) en m&rsquo;accordant mon <strong>agr\u00e9ment au titre des ann\u00e9es 2017 \u00e0 2019<\/strong>\u00a0: les d\u00e9penses li\u00e9es aux activit\u00e9s de recherche, effectu\u00e9es chez vous, sont ainsi \u00e9ligibles au titre du Cr\u00e9dit d\u2019Imp\u00f4t Recherche (<strong>CIR<\/strong>), un dispositif d\u2019exemption fiscale qui a fait ses preuves (5,5 milliards d\u2019euros et 20\u00a0000 entreprises b\u00e9n\u00e9ficiaires en 2016).<\/p>\n\n\t\t<\/div> \n\t<\/div> \n\t\t<\/div> \n\t<\/div> \n\n\t<div class=\"vc_col-sm-11 wpb_column vc_column_container\">\n\t\t<div class=\"wpb_wrapper\">\n\t\t\t<div class=\"invicta_testimonial wpb_content_element style_1 no_photo\"><div class=\"text\">T\u00e9moignage Cynbiose, 20 mars 2017<\/p>\n<p>\u00ab\u00a0<em>Nous avons \u00e9t\u00e9 confront\u00e9s r\u00e9cemment \u00e0 devoir g\u00e9rer l&rsquo;absence de notre responsable qualit\u00e9 pendant une p\u00e9riode assez longue. Pour assurer la continuit\u00e9 de ses missions, nous avons d\u00e9cid\u00e9 de faire appel \u00e0 du consulting en contactant Marie-Fran\u00e7oise Klucker, que nous connaissions pour son exp\u00e9rience ant\u00e9rieure dans de nombreux domaines cl\u00e9s de l&rsquo;industrie pharmaceutique, dont la gestion de projets pr\u00e9cliniques selon le r\u00e9f\u00e9rentiel BPL. <\/em><\/p>\n<p><em>Marie-Fran\u00e7oise a \u00e9t\u00e9 d&#8217;embl\u00e9e op\u00e9rationnelle et autonome\u00a0apr\u00e8s une tr\u00e8s courte p\u00e9riode de prise de connaissance des sp\u00e9cificit\u00e9s de notre soci\u00e9t\u00e9, r\u00e9v\u00e9lant une grande capacit\u00e9 d&rsquo;adaptation \u00e0 de nouveaux environnements. Son exp\u00e9rience et son importante implication lui ont permis d&rsquo;assumer pleinement les missions confi\u00e9es et d&rsquo;aller au-del\u00e0 en \u00e9tant force de proposition pour am\u00e9liorer notre syst\u00e8me qualit\u00e9. L&rsquo;importance que Marie-Fran\u00e7oise accorde \u00e0 la qualit\u00e9 de la relation humaine a \u00e9t\u00e9 un facteur non n\u00e9gligeable \u00e0 la r\u00e9ussite de son int\u00e9gration au sein de l&rsquo;\u00e9quipe, en cr\u00e9ant un v\u00e9ritable climat de confiance. Elle est naturellement devenue un point de r\u00e9f\u00e9rence pour l&rsquo;ensemble du personnel.<br \/>\n<\/em><\/p>\n<p><em>Fort de cette premi\u00e8re exp\u00e9rience r\u00e9ussie, nous avons \u00e9t\u00e9 appel\u00e9 \u00e0 initier une nouvelle mission avec Marie-Fran\u00e7oise, en lui confiant la gestion de certains projets en appui \u00e0 la direction d\u2019\u00e9tudes pr\u00e9cliniques. Cette nouvelle mission est assur\u00e9e avec ma\u00eetrise et rigueur, Marie-Fran\u00e7oise ayant toujours \u00e0 c\u0153ur d&rsquo;appuyer notre \u00e9quipe en interne, et se r\u00e9v\u00e9lant d&rsquo;une grande efficacit\u00e9 aupr\u00e8s de nos clients.<\/em><\/p>\n<p><em>Nous sommes tr\u00e8s satisfaits de cette relation avec Marie-Fran\u00e7oise, qui fait preuve d&rsquo;une grande flexibilit\u00e9, de rigueur et de professionnalisme.\u00a0 Sa capacit\u00e9 d&rsquo;adaptation op\u00e9rationnelle a permis d&rsquo;assurer la continuit\u00e9 de nos engagements aupr\u00e8s de nos clients sans avoir \u00e0 souffrir d&rsquo;une baisse de la qualit\u00e9 de nos prestations. Par ailleurs, les comp\u00e9tences et les qualit\u00e9s humaines de Marie-Fran\u00e7oise repr\u00e9sentent un appui consid\u00e9rable et rassurant pour une jeune TPE telle que Cynbiose, pour gagner en exp\u00e9rience et en expertise rapidement, renfor\u00e7ant par l\u00e0 m\u00eame sa cr\u00e9dibilit\u00e9 aupr\u00e8s de ses clients.<\/em><\/p>\n<p><em>Ce sont donc deux exp\u00e9riences r\u00e9ussies qui nous laissent envisager de poursuivre avec Marie-Fran\u00e7oise comme intervenante r\u00e9guli\u00e8re au sein de notre entreprise.<\/em>\u00a0\u00bb<\/p>\n<p>&nbsp;<\/p>\n<p><\/div><div class=\"meta\"><div class=\"info\"><div class=\"name\">Hugues CONTAMIN, CEO Cynbiose<\/div><span class=\"country invicta_flag fr\">France<\/span><\/div><\/div><\/div>\n\t\t<\/div> \n\t<\/div> \n\n\t<div class=\"vc_col-sm-4 wpb_column vc_column_container\">\n\t\t<div class=\"wpb_wrapper\">\n\t\t\t\n\t\t<\/div> \n\t<\/div> \n<\/div><div class=\"vc_row wpb_row vc_row-fluid\">\n\t<div class=\"vc_col-sm-12 wpb_column vc_column_container\">\n\t\t<div class=\"wpb_wrapper\">\n\t\t\t<div class=\"invicta_calltoaction wpb_content_element style_1\"><div class=\"button\"><div class=\"invicta_button_wrapper invicta-alignment-left\"><a class=\"invicta_button invicta-size-medium invicta-icon_position-left\" href=\"http:\/\/www.conseil-formation-nutrition.com\/MFK-brochure\/turnjs4\/samples\/magazine\/index.html#page\/1\" target=\"_blank\"><i class=\"icon-book\"><\/i>Lire<\/a><\/div><\/div><div class=\"text\"><div class=\"primary\"><\/p>\n<h3>Consulter la Brochure<\/h3>\n<p><\/div><div class=\"secondary\">Pr\u00e9sentation des prestations<\/div><\/div><\/div>\n\t\t<\/div> \n\t<\/div> \n<\/div>\n","protected":false},"excerpt":{"rendered":"Consulting scientifique et r\u00e9glementaire au service de la Sant\u00e9 et de la Nutrition Une approche transversale et structurante sur diff\u00e9rents aspects: Scientifique, Qualit\u00e9, Innocuit\u00e9, R\u00e9glementaire Pour les entreprises des secteurs: Pharmaceutique, Chimique, Biotechnologique, Agro-alimentaire... Pour les centres de recherche acad\u00e9miquesmais aussi les incubateurs, les cellules de transfert de technologie Un partenariat sur mesure tout au [...]","protected":false},"author":1,"featured_media":0,"parent":0,"menu_order":0,"comment_status":"closed","ping_status":"open","template":"","meta":{"footnotes":""},"class_list":["post-7","page","type-page","status-publish","hentry","invicta_simple_style_entry"],"_links":{"self":[{"href":"https:\/\/www.conseil-formation-nutrition.com\/mfklucker\/wp-json\/wp\/v2\/pages\/7","targetHints":{"allow":["GET"]}}],"collection":[{"href":"https:\/\/www.conseil-formation-nutrition.com\/mfklucker\/wp-json\/wp\/v2\/pages"}],"about":[{"href":"https:\/\/www.conseil-formation-nutrition.com\/mfklucker\/wp-json\/wp\/v2\/types\/page"}],"author":[{"embeddable":true,"href":"https:\/\/www.conseil-formation-nutrition.com\/mfklucker\/wp-json\/wp\/v2\/users\/1"}],"replies":[{"embeddable":true,"href":"https:\/\/www.conseil-formation-nutrition.com\/mfklucker\/wp-json\/wp\/v2\/comments?post=7"}],"version-history":[{"count":22,"href":"https:\/\/www.conseil-formation-nutrition.com\/mfklucker\/wp-json\/wp\/v2\/pages\/7\/revisions"}],"predecessor-version":[{"id":397,"href":"https:\/\/www.conseil-formation-nutrition.com\/mfklucker\/wp-json\/wp\/v2\/pages\/7\/revisions\/397"}],"wp:attachment":[{"href":"https:\/\/www.conseil-formation-nutrition.com\/mfklucker\/wp-json\/wp\/v2\/media?parent=7"}],"curies":[{"name":"wp","href":"https:\/\/api.w.org\/{rel}","templated":true}]}}