{"id":40,"date":"2015-07-18T22:31:44","date_gmt":"2015-07-18T21:31:44","guid":{"rendered":"http:\/\/www.conseil-formation-nutrition.com\/mfklucker\/?page_id=40"},"modified":"2017-10-22T16:01:45","modified_gmt":"2017-10-22T15:01:45","slug":"formation","status":"publish","type":"page","link":"https:\/\/www.conseil-formation-nutrition.com\/mfklucker\/formation\/","title":{"rendered":"formation"},"content":{"rendered":"<div class=\"vc_row wpb_row vc_row-fluid\">\n\t<div class=\"vc_col-sm-8 wpb_column vc_column_container\">\n\t\t<div class=\"wpb_wrapper\">\n\t\t\t\n\t<div class=\"wpb_text_column wpb_content_element \">\n\t\t<div class=\"wpb_wrapper\">\n\t\t\t<h1>Des formats et contenus vari\u00e9s de Formations \u00ab\u00a0sur-mesure\u00a0\u00bb<\/h1>\n<ul>\n<li>J&rsquo;ai le go\u00fbt de <strong>transmettre<\/strong> et <strong>faciliter<\/strong> la compr\u00e9hension de savoirs d\u00e9velopp\u00e9s tout au long d\u2019un parcours professionnel diversifi\u00e9<\/li>\n<li>2 types d&rsquo;offres de Formation :\n<ul>\n<li>Formations bas\u00e9es sur une<strong> expertise scientifique et r\u00e9glementaire<\/strong>, mettant toujours en perspective<strong> th\u00e9orie et application<\/strong> concernant les <strong>produits de sant\u00e9<\/strong> :\n<ul>\n<li>Domaines\u00a0: formulation, \u00e9valuation du risque, toxicologie, r\u00e9f\u00e9rentiels BPL\/BPF, environnement et documentation r\u00e9glementaire<\/li>\n<li>En formation initiale\u00a0: intervenante aupr\u00e8s d\u2019\u00e9tudiants de niveau Bac+2 \u00e0 Bac+8, et depuis Septembre 2017 <strong>Ma\u00eetre de Conf\u00e9rences \u00e0 la facult\u00e9 de Pharmacie de Lyon<\/strong><\/li>\n<li>En formation professionnelle continue\u00a0: inter et intra-entreprise, d\u00e9veloppement de comp\u00e9tences d\u2019\u00e9quipes<\/li>\n<\/ul>\n<\/li>\n<li><strong>Ateliers<\/strong> de <strong>sensibilisation<\/strong>, d\u2019<strong>information<\/strong> et de <strong>pr\u00e9vention<\/strong> sur diff\u00e9rents th\u00e8mes autour d\u2019Alimentation et Sant\u00e9 par exemple :\n<ul>\n<li>R\u00e9gulation nutritionnelle et comportement alimentaire<\/li>\n<li>Emotions et pulsions alimentaires<\/li>\n<li>D\u00e9nutrition<\/li>\n<\/ul>\n<\/li>\n<\/ul>\n<\/li>\n<\/ul>\n\n\t\t<\/div> \n\t<\/div> \n\t\t<\/div> \n\t<\/div> \n\n\t<div class=\"vc_col-sm-4 wpb_column vc_column_container\">\n\t\t<div class=\"wpb_wrapper\">\n\t\t\t\n\t<div class=\"wpb_single_image wpb_content_element wpb_animate_when_almost_visible wpb_bottom-to-top vc_align_left\">\n\t\t<div class=\"wpb_wrapper\">\n\t\t\t\n\t\t\t<img loading=\"lazy\" decoding=\"async\" width=\"300\" height=\"252\" src=\"https:\/\/www.conseil-formation-nutrition.com\/mfklucker\/wp-content\/uploads\/2015\/07\/version_ecran_XL1-300x252.jpg\" class=\" vc_box_border_grey attachment-medium\" alt=\"\" srcset=\"https:\/\/www.conseil-formation-nutrition.com\/mfklucker\/wp-content\/uploads\/2015\/07\/version_ecran_XL1-300x252.jpg 300w, https:\/\/www.conseil-formation-nutrition.com\/mfklucker\/wp-content\/uploads\/2015\/07\/version_ecran_XL1.jpg 744w\" sizes=\"auto, (max-width: 300px) 100vw, 300px\" \/>\n\t\t<\/div> \n\t<\/div> \n\t\t<\/div> \n\t<\/div> \n<\/div><div class=\"vc_row wpb_row vc_row-fluid\">\n\t<div class=\"vc_col-sm-3 wpb_column vc_column_container\">\n\t\t<div class=\"wpb_wrapper\">\n\t\t\t\n\t\t<\/div> \n\t<\/div> \n\n\t<div class=\"vc_col-sm-6 wpb_column vc_column_container\">\n\t\t<div class=\"wpb_wrapper\">\n\t\t\t<div class=\"invicta_testimonial wpb_content_element style_2\"><div class=\"media\"><div class=\"invicta_avatar\"><img decoding=\"async\" src=\"https:\/\/www.conseil-formation-nutrition.com\/mfklucker\/wp-content\/uploads\/2015\/08\/juliette-120x120.jpg\" alt=\"Photo de l'auteur\" \/><\/div><\/div><div class=\"meta\"><div class=\"info\"><div class=\"name\">J.Baechler - Unis Cit\u00e9 -<\/div><\/div><div class=\"text\">\u00ab\u00a0M.F. KLUCKER a form\u00e9, en janvier 2015, 25 volontaires au Service Civique sur les fondamentaux de l\u2019\u00c9quilibre Alimentaire. Ils devaient ensuite mener des actions dans les \u00e9coles pour sensibiliser les enfants \u00e0 ce sujet par le biais de jeux coop\u00e9ratifs et autres projets ludiques, en lien avec la Fondation April. Elle a su capter et retenir leur attention avec une intervention adapt\u00e9e et concr\u00e9tiser son message par la formulation de conseils concrets \u00e0 mettre en \u0153uvre dans le cadre de leurs projets.\u00a0\u00bb<\/div><\/div><\/div>\n\t\t<\/div> \n\t<\/div> \n\n\t<div class=\"vc_col-sm-12 wpb_column vc_column_container\">\n\t\t<div class=\"wpb_wrapper\">\n\t\t\t\n\t\t<\/div> \n\t<\/div> \n\n\t<div class=\"vc_col-sm-12 wpb_column vc_column_container\">\n\t\t<div class=\"wpb_wrapper\">\n\t\t\t\n\t\t<\/div> \n\t<\/div> \n\n\t<div class=\"vc_col-sm-12 wpb_column vc_column_container\">\n\t\t<div class=\"wpb_wrapper\">\n\t\t\t\n\t\t<\/div> \n\t<\/div> \n\n\t<div class=\"vc_col-sm-12 wpb_column vc_column_container\">\n\t\t<div class=\"wpb_wrapper\">\n\t\t\t\n\t\t<\/div> \n\t<\/div> \n<\/div><div class=\"vc_row wpb_row vc_row-fluid\">\n\t<div class=\"vc_col-sm-3 wpb_column vc_column_container\">\n\t\t<div class=\"wpb_wrapper\">\n\t\t\t\n\t\t<\/div> \n\t<\/div> \n<\/div>\n","protected":false},"excerpt":{"rendered":"Des formats et contenus vari\u00e9s de Formations \"sur-mesure\" J'ai le go\u00fbt de transmettre et faciliter la compr\u00e9hension de savoirs d\u00e9velopp\u00e9s tout au long d\u2019un parcours professionnel diversifi\u00e9 2 types d'offres de Formation : Formations bas\u00e9es sur une expertise scientifique et r\u00e9glementaire, mettant toujours en perspective th\u00e9orie et application concernant les produits de sant\u00e9 : Domaines\u00a0: [...]","protected":false},"author":1,"featured_media":0,"parent":0,"menu_order":0,"comment_status":"closed","ping_status":"open","template":"","meta":{"footnotes":""},"class_list":["post-40","page","type-page","status-publish","hentry","invicta_simple_style_entry"],"_links":{"self":[{"href":"https:\/\/www.conseil-formation-nutrition.com\/mfklucker\/wp-json\/wp\/v2\/pages\/40","targetHints":{"allow":["GET"]}}],"collection":[{"href":"https:\/\/www.conseil-formation-nutrition.com\/mfklucker\/wp-json\/wp\/v2\/pages"}],"about":[{"href":"https:\/\/www.conseil-formation-nutrition.com\/mfklucker\/wp-json\/wp\/v2\/types\/page"}],"author":[{"embeddable":true,"href":"https:\/\/www.conseil-formation-nutrition.com\/mfklucker\/wp-json\/wp\/v2\/users\/1"}],"replies":[{"embeddable":true,"href":"https:\/\/www.conseil-formation-nutrition.com\/mfklucker\/wp-json\/wp\/v2\/comments?post=40"}],"version-history":[{"count":22,"href":"https:\/\/www.conseil-formation-nutrition.com\/mfklucker\/wp-json\/wp\/v2\/pages\/40\/revisions"}],"predecessor-version":[{"id":407,"href":"https:\/\/www.conseil-formation-nutrition.com\/mfklucker\/wp-json\/wp\/v2\/pages\/40\/revisions\/407"}],"wp:attachment":[{"href":"https:\/\/www.conseil-formation-nutrition.com\/mfklucker\/wp-json\/wp\/v2\/media?parent=40"}],"curies":[{"name":"wp","href":"https:\/\/api.w.org\/{rel}","templated":true}]}}