{"id":24,"date":"2015-07-18T22:29:03","date_gmt":"2015-07-18T21:29:03","guid":{"rendered":"http:\/\/www.conseil-formation-nutrition.com\/mfklucker\/?page_id=24"},"modified":"2019-08-26T18:54:01","modified_gmt":"2019-08-26T17:54:01","slug":"presentation","status":"publish","type":"page","link":"https:\/\/www.conseil-formation-nutrition.com\/mfklucker\/","title":{"rendered":"Pr\u00e9sentation"},"content":{"rendered":"<div class=\"vc_row wpb_row vc_row-fluid\">\n\t<div class=\"vc_col-sm-12 wpb_column vc_column_container\">\n\t\t<div class=\"wpb_wrapper\">\n\t\t\t<\/p>\n<div><\/div>\n<p>\n\t\t<\/div> \n\t<\/div> \n<\/div>\n<div class=\"vc_row wpb_row vc_row-fluid\">\n\t<div class=\"vc_col-sm-12 wpb_column vc_column_container\">\n\t\t<div class=\"wpb_wrapper\">\n\t\t\t\n\t<div class=\"wpb_text_column wpb_content_element  wpb_animate_when_almost_visible wpb_appear\">\n\t\t<div class=\"wpb_wrapper\">\n\t\t\t<h1 style=\"text-align: center;\">\u00a0CR\u00c9ER UN CONTINUUM ENTRE SANT\u00c9 ET NUTRITION<\/h1>\n<h2 style=\"text-align: center;\">Une expertise plurielle au service de la sant\u00e9 humaine<\/h2>\n\n\t\t<\/div> \n\t<\/div> \n\t\t<\/div> \n\t<\/div> \n<\/div><div class=\"vc_row wpb_row vc_row-fluid\">\n\t<div class=\"vc_col-sm-4 wpb_column vc_column_container\">\n\t\t<div class=\"wpb_wrapper\">\n\t\t\t<div class=\"invicta_iconbox wpb_content_element default\"><a href=\"https:\/\/www.conseil-formation-nutrition.com\/mfklucker\/conseil\/\" class=\"icon\" title=\"En savoir plus CONSEIL\"><i class=\"icon-stethoscope\"><\/i><\/a><div class=\"content\"><a href=\"https:\/\/www.conseil-formation-nutrition.com\/mfklucker\/conseil\/\" class=\"title accentcolor-text-on_hover inherit-color\" title=\"En savoir plus CONSEIL\">CONSEIL<\/a><div class=\"text\">Une expertise scientifique et r\u00e9glementaire d\u00e9di\u00e9e aux services des entreprises, centres de recherche acad\u00e9miques, incubateurs et cellules de transfert de technologie du secteur des Sciences de la Vie.<\/div><\/div><\/div>\n\t\t<\/div> \n\t<\/div> \n\n\t<div class=\"vc_col-sm-4 wpb_column vc_column_container\">\n\t\t<div class=\"wpb_wrapper\">\n\t\t\t<div class=\"invicta_iconbox wpb_content_element default\"><a href=\"https:\/\/www.conseil-formation-nutrition.com\/mfklucker\/formation\/\" class=\"icon\" title=\"En savoir plus FORMATION\"><i class=\"icon-group\"><\/i><\/a><div class=\"content\"><a href=\"https:\/\/www.conseil-formation-nutrition.com\/mfklucker\/formation\/\" class=\"title accentcolor-text-on_hover inherit-color\" title=\"En savoir plus FORMATION\">FORMATION<\/a><div class=\"text\">Une offre diversifi\u00e9e de savoirs th\u00e9oriques et pratiques d\u00e9velopp\u00e9s en Sant\u00e9 et Nutrition au service des organismes d\u2019enseignement et de formation, et des entreprises du secteur des Sciences de la Vie<\/div><\/div><\/div>\n\t\t<\/div> \n\t<\/div> \n\n\t<div class=\"vc_col-sm-4 wpb_column vc_column_container\">\n\t\t<div class=\"wpb_wrapper\">\n\t\t\t<div class=\"invicta_iconbox wpb_content_element default\"><a href=\"https:\/\/www.conseil-formation-nutrition.com\/mfklucker\/nutrition\/\" class=\"icon\" title=\"En savoir plus NUTRITION\"><i class=\"icon-puzzle-piece\"><\/i><\/a><div class=\"content\"><a href=\"https:\/\/www.conseil-formation-nutrition.com\/mfklucker\/nutrition\/\" class=\"title accentcolor-text-on_hover inherit-color\" title=\"En savoir plus NUTRITION\">NUTRITION<\/a><div class=\"text\"> Sur la th\u00e9matique Nutrition\/Sant\u00e9, des prestations allant de la gestion de projets, \u00e0 des ateliers de sensibilisation, de formation et de pr\u00e9vention, jusqu\u2019\u00e0 l\u2019accompagnement individuel sur des probl\u00e9matiques nutritionnelles et de comportement alimentaire<\/div><\/div><\/div>\n\t\t<\/div> \n\t<\/div> \n<\/div><div class=\"vc_row wpb_row vc_row-fluid\">\n\t<div class=\"vc_col-sm-12 wpb_column vc_column_container\">\n\t\t<div class=\"wpb_wrapper\">\n\t\t\t\n\t<div class=\"wpb_text_column wpb_content_element  wpb_animate_when_almost_visible wpb_appear\">\n\t\t<div class=\"wpb_wrapper\">\n\t\t\t<h1 style=\"text-align: center;\">QUI JE SUIS ET QUELLE EST MON APPROCHE<\/h1>\n<h1><\/h1>\n\n\t\t<\/div> \n\t<\/div> \n\t\t<\/div> \n\t<\/div> \n<\/div><div class=\"vc_row wpb_row vc_row-fluid\">\n\t<div class=\"vc_col-sm-4 wpb_column vc_column_container\">\n\t\t<div class=\"wpb_wrapper\">\n\t\t\t\n\t\t<\/div> \n\t<\/div> \n\n\t<div class=\"vc_col-sm-4 wpb_column vc_column_container\">\n\t\t<div class=\"wpb_wrapper\">\n\t\t\t\n\t\t<\/div> \n\t<\/div> \n\n\t<div class=\"vc_col-sm-12 wpb_column vc_column_container\">\n\t\t<div class=\"wpb_wrapper\">\n\t\t\t<div class=\"vc_row wpb_row vc_inner vc_row-fluid\">\n\t<div class=\"vc_col-sm-3 wpb_column vc_column_container\">\n\t\t<div class=\"wpb_wrapper\">\n\t\t\t<div class=\"invicta_person wpb_content_element accentcolor-border-on_hover default\"><div class=\"wrapper\"><div class=\"thumbnail\"><span class=\"photo invicta_avatar \"><img decoding=\"async\" src=\"https:\/\/www.conseil-formation-nutrition.com\/mfklucker\/wp-content\/uploads\/2015\/07\/photo3-380x380.jpg\" alt=\"Marie-Fran\u00e7oise KLUCKER\" \/><\/span><\/div><div class=\"info\"><div class=\"title\">Marie-Fran\u00e7oise KLUCKER<\/div><div class=\"social\"><div class=\"social_links accentcolor-text-on_children-on_hover inherit-color-on_children\"><a href=\"mailto:contact@mfklucker.com\" target=\"_self\" title=\"Email\"><i class=\"icon-envelope\"><\/i><\/a><\/div><\/div><\/div><\/div><\/div>\n\t\t<\/div> \n\t<\/div> \n\n\t<div class=\"vc_col-sm-6 wpb_column vc_column_container\">\n\t\t<div class=\"wpb_wrapper\">\n\t\t\t<div class=\"invicta_letter wpb_content_element no_media\"><div class=\"media\"><\/div><div class=\"text\"><h2 class=\"title\"> Mon approche du lien Sant\u00e9- Nutrition <\/h2><div class=\"content text_styles\">\u00ab\u00a0L\u2019envie d\u2019apprendre et de partager autour de la cr\u00e9ation et du plaisir culinaire a toujours \u00e9t\u00e9 l\u00e0, intimement m\u00eal\u00e9e \u00e0 la conviction de prendre ainsi soin de sa sant\u00e9. Une th\u00e8se de doctorat en poche (en physico-chimie), j\u2019entre dans l\u2019industrie pharmaceutique o\u00f9 je passerai 16 ans, en R&amp;D. Et puis l\u2019envie de revenir au 1er des m\u00e9dicaments : l\u2019aliment, et de lier ainsi le monde de la sant\u00e9 \u00e0 celui de l\u2019alimentation et de la nutrition. J\u2019ai saut\u00e9 le pas : je me suis dot\u00e9e de comp\u00e9tences dans le secteur de la nutrition, m\u2019investissant dans l\u2019ensemble de la cha\u00eene qui va de l\u2019\u00e9prouvette \u00e0 l\u2019assiette, en passant par l\u2019\u00e9tude des comportements alimentaires et de ses d\u00e9viances. \u00bb<\/div><\/div><div class=\"alignclear\"><\/div><\/div>\n\t\t<\/div> \n\t<\/div> \n\n\t<div class=\"vc_col-sm-3 wpb_column vc_column_container\">\n\t\t<div class=\"wpb_wrapper\">\n\t\t\t\n\t<div class=\"wpb_text_column wpb_content_element \">\n\t\t<div class=\"wpb_wrapper\">\n\t\t\t<h2>Ma formation:<\/h2>\n<ul>\n<li>Chercheur, Docteur \u00e8s Sciences<\/li>\n<li>Dipl\u00f4m\u00e9e en Toxicologie<\/li>\n<li>Sp\u00e9cialis\u00e9e en Nutrition et Comportements Alimentaires<\/li>\n<\/ul>\n\n\t\t<\/div> \n\t<\/div> \n\t\t<\/div> \n\t<\/div> \n<\/div>\n\t\t<\/div> \n\t<\/div> \n<\/div><div class=\"vc_row wpb_row vc_row-fluid\">\n\t<div class=\"vc_col-sm-4 wpb_column vc_column_container\">\n\t\t<div class=\"wpb_wrapper\">\n\t\t\t\n\t\t<\/div> \n\t<\/div> \n\n\t<div class=\"vc_col-sm-4 wpb_column vc_column_container\">\n\t\t<div class=\"wpb_wrapper\">\n\t\t\t\n\t\t<\/div> \n\t<\/div> \n\n\t<div class=\"vc_col-sm-4 wpb_column vc_column_container\">\n\t\t<div class=\"wpb_wrapper\">\n\t\t\t\n\t\t<\/div> \n\t<\/div> \n\n\t<div class=\"vc_col-sm-12 wpb_column vc_column_container\">\n\t\t<div class=\"wpb_wrapper\">\n\t\t\t<div class=\"vc_empty_space\"  style=\"height: 32px\" ><span class=\"vc_empty_space_inner\"><\/span><\/div>\n\n<div class=\"vc_row wpb_row vc_inner vc_row-fluid\">\n\t<div class=\"vc_col-sm-12 wpb_column vc_column_container\">\n\t\t<div class=\"wpb_wrapper\">\n\t\t\t\n\t<div class=\"wpb_text_column wpb_content_element  wpb_animate_when_almost_visible wpb_appear\">\n\t\t<div class=\"wpb_wrapper\">\n\t\t\t<h1 style=\"text-align: center;\">MES PRESTATIONS \u00ab\u00a0SUR-MESURE\u00a0\u00bb<\/h1>\n<h1><\/h1>\n\n\t\t<\/div> \n\t<\/div> \n\t\t<\/div> \n\t<\/div> \n<\/div>\n\t<div class=\"wpb_accordion wpb_content_element  not-column-inherit\" data-collapsible=yes data-active-tab=\"0\">\n\t\t<div class=\"wpb_wrapper wpb_accordion_wrapper ui-accordion\">\n\t\t\t\n\t\t\t<div class=\"wpb_accordion_section group\">\n\t\t\t\t<h3 class=\"wpb_accordion_header ui-accordion-header\"><a href=\"#pour-les-entreprises-des-secteurs-pharmaceutique-biotechnologique-chimique-agro-alimentaire\"><\/p>\n<p>&nbsp;<\/p>\n<h2>Pour les Entreprises des secteurs Pharmaceutique, Biotechnologique, Chimique, Agro-alimentaire<\/h2>\n<p><\/a><\/h3>\n\t\t\t\t<div class=\"wpb_accordion_content ui-accordion-content vc_clearfix\">\n\t\t\t\t\n\t<div class=\"wpb_text_column wpb_content_element  wpb_animate_when_almost_visible wpb_appear\">\n\t\t<div class=\"wpb_wrapper\">\n\t\t\t<h1 style=\"text-align: center;\"><a href=\"https:\/\/www.conseil-formation-nutrition.com\/mfklucker\/wp-content\/uploads\/2015\/07\/LOGO_MFK_Vertical-Horizontal.jpg\"><img loading=\"lazy\" decoding=\"async\" class=\"alignnone wp-image-223\" src=\"https:\/\/www.conseil-formation-nutrition.com\/mfklucker\/wp-content\/uploads\/2015\/07\/LOGO_MFK_Vertical-Horizontal.jpg\" alt=\"LOGO_MFK_Vertical+Horizontal\" width=\"48\" height=\"52\" \/><\/a><\/h1>\n<h1 style=\"text-align: center;\">Pour les ENTREPRISES:<\/h1>\n\n\t\t<\/div> \n\t<\/div> \n\t<div class=\"wpb_text_column wpb_content_element  wpb_animate_when_almost_visible wpb_appear\">\n\t\t<div class=\"wpb_wrapper\">\n\t\t\t<h2 style=\"text-align: center;\">Une expertise et un professionnalisme \u00e0 votre service<\/h2>\n\n\t\t<\/div> \n\t<\/div> \n\t<div class=\"wpb_text_column wpb_content_element  vc_custom_1446538370114\">\n\t\t<div class=\"wpb_wrapper\">\n\t\t\t<div style=\"font-size: 14px;\">\n<p>\u2022 Vous recherchez une <a href=\"http:\/\/www.conseil-formation-nutrition.com\/mfklucker\/philosophie\/\">expertise transversale <\/a>pour vous accompagner aux diff\u00e9rentes \u00e9tapes du d\u00e9veloppement de vos produits : je vous propose <a href=\"http:\/\/www.conseil-formation-nutrition.com\/mfklucker\/conseil\/\">conseil<\/a> et <a href=\"http:\/\/www.conseil-formation-nutrition.com\/mfklucker\/methodologie\/\">m\u00e9thodologie<\/a> pour vous guider d\u00e8s la d\u00e9finition de votre strat\u00e9gie, optimiser sa traduction op\u00e9rationnelle et accompagner vos soumissions r\u00e9glementaires.<\/p>\n<p>\u2022 Vous souhaitez sensibiliser vos \u00e9quipes et d\u00e9velopper leurs comp\u00e9tences : je con\u00e7ois et anime des <a href=\"http:\/\/www.conseil-formation-nutrition.com\/mfklucker\/formation\/\">modules de formation <\/a>adapt\u00e9s \u00e0 vos besoins.<\/p>\n<p>\u2022 Voici des exemples de <a href=\"http:\/\/www.conseil-formation-nutrition.com\/mfklucker\/realisation\/\">r\u00e9alisations<\/a> sur lesquelles je fonde mon offre de services.<\/p>\n<\/div>\n\n\t\t<\/div> \n\t<\/div> <div class=\"invicta_button_wrapper invicta-alignment-center\"><a class=\"invicta_button invicta-size-medium invicta-color-silver invicta-icon_position-left\" href=\"https:\/\/www.conseil-formation-nutrition.com\/mfklucker\/methodologie\/\"><i class=\"icon-cogs\"><\/i>M\u00e9thodologie<\/a><\/div><div class=\"invicta_calltoaction wpb_content_element style_1\"><div class=\"button\"><div class=\"invicta_button_wrapper invicta-alignment-left\"><a class=\"invicta_button invicta-size-medium invicta-icon_position-left\" href=\"http:\/\/www.conseil-formation-nutrition.com\/MFK-brochure\/turnjs4\/samples\/magazine\/index.html#page\/1\" target=\"_blank\"><i class=\"icon-book\"><\/i>Lire<\/a><\/div><\/div><div class=\"text\"><div class=\"primary\"><\/p>\n<h5>PRESENTATION: Consulter la Brochure en ligne<\/h5>\n<p><\/div><div class=\"secondary\">Introduction \u00e0 l'approche de Marie-Fran\u00e7oise KLUCKER<\/div><\/div><\/div>\n\t\t\t\t<\/div>\n\t\t\t<\/div> \n\n\t\t\t<div class=\"wpb_accordion_section group\">\n\t\t\t\t<h3 class=\"wpb_accordion_header ui-accordion-header\"><a href=\"#pour-les-organismes-denseignement-et-de-formation-les-collectivites-locales-les-organismes-de-prevention\"><\/p>\n<p>&nbsp;<\/p>\n<h2>Pour les organismes d\u2019enseignement et de formation, les collectivit\u00e9s locales, les organismes de pr\u00e9vention<\/h2>\n<p><\/a><\/h3>\n\t\t\t\t<div class=\"wpb_accordion_content ui-accordion-content vc_clearfix\">\n\t\t\t\t\n\t<div class=\"wpb_text_column wpb_content_element  wpb_animate_when_almost_visible wpb_appear\">\n\t\t<div class=\"wpb_wrapper\">\n\t\t\t<h1 style=\"text-align: center;\"><a href=\"https:\/\/www.conseil-formation-nutrition.com\/mfklucker\/wp-content\/uploads\/2015\/07\/LOGO_MFK_Vertical-Horizontal.jpg\"><img loading=\"lazy\" decoding=\"async\" class=\"alignnone wp-image-223\" src=\"https:\/\/www.conseil-formation-nutrition.com\/mfklucker\/wp-content\/uploads\/2015\/07\/LOGO_MFK_Vertical-Horizontal.jpg\" alt=\"LOGO_MFK_Vertical+Horizontal\" width=\"48\" height=\"52\" \/><\/a><\/h1>\n<h1 style=\"text-align: center;\">Pour les ORGANISMES DE FORMATION<\/h1>\n\n\t\t<\/div> \n\t<\/div> \n\t<div class=\"wpb_text_column wpb_content_element \">\n\t\t<div class=\"wpb_wrapper\">\n\t\t\t<h2 style=\"text-align: center;\">Mon offre de Formations et d\u2019Ateliers \/ Conf\u00e9rences<\/h2>\n\n\t\t<\/div> \n\t<\/div> \n\t<div class=\"wpb_text_column wpb_content_element  vc_custom_1446538567790\">\n\t\t<div class=\"wpb_wrapper\">\n\t\t\t<div style=\"font-size: 14px;\">\u2022 Vous recherchez une <a href=\"http:\/\/www.conseil-formation-nutrition.com\/mfklucker\/philosophie\/\">expertise<\/a> dans les domaines de la formulation, l\u2019\u00e9valuation toxicologique, les r\u00e9f\u00e9rentiels qualit\u00e9 et la conformit\u00e9 r\u00e9glementaire pour former des \u00e9tudiants (formation initiale) et des adultes salari\u00e9s (formation professionnelle continue) : je con\u00e7ois et anime des <a href=\"http:\/\/www.conseil-formation-nutrition.com\/mfklucker\/formation\/\">modules de formation<\/a> en fonction de vos demandes.<br \/>\n\u2022 Vous souhaitez sensibiliser diff\u00e9rents publics \u00e0 des probl\u00e9matiques en lien avec la nutrition et la sant\u00e9, mener des projets sur ce th\u00e8me : je propose des <a href=\"http:\/\/www.conseil-formation-nutrition.com\/mfklucker\/formation\/\">conf\u00e9rences, ateliers et sessions d\u2019information<\/a> con\u00e7us sur-mesure.<\/div>\n<div style=\"font-size: 14px;\">\u2022 Voici des exemples de <a href=\"http:\/\/www.conseil-formation-nutrition.com\/mfklucker\/realisations\/\">r\u00e9alisations<\/a> sur lesquelles je fonde mon offre de services.<\/div>\n\n\t\t<\/div> \n\t<\/div> \n\t\t\t\t<\/div>\n\t\t\t<\/div> \n\n\t\t\t<div class=\"wpb_accordion_section group\">\n\t\t\t\t<h3 class=\"wpb_accordion_header ui-accordion-header\"><a href=\"#pour-les-particuliers\"><\/p>\n<p>&nbsp;<\/p>\n<h2>Pour les Particuliers<\/h2>\n<p><\/a><\/h3>\n\t\t\t\t<div class=\"wpb_accordion_content ui-accordion-content vc_clearfix\">\n\t\t\t\t\n\t<div class=\"wpb_text_column wpb_content_element  wpb_animate_when_almost_visible wpb_appear\">\n\t\t<div class=\"wpb_wrapper\">\n\t\t\t<h1 style=\"text-align: center;\"><a href=\"https:\/\/www.conseil-formation-nutrition.com\/mfklucker\/wp-content\/uploads\/2015\/07\/LOGO_MFK_Vertical-Horizontal.jpg\"><img loading=\"lazy\" decoding=\"async\" class=\"alignnone wp-image-223\" src=\"https:\/\/www.conseil-formation-nutrition.com\/mfklucker\/wp-content\/uploads\/2015\/07\/LOGO_MFK_Vertical-Horizontal.jpg\" alt=\"LOGO_MFK_Vertical+Horizontal\" width=\"48\" height=\"52\" \/><\/a><\/h1>\n<h1 style=\"text-align: center;\">Pour les PARTICULIERS<\/h1>\n\n\t\t<\/div> \n\t<\/div> \n\t<div class=\"wpb_text_column wpb_content_element \">\n\t\t<div class=\"wpb_wrapper\">\n\t\t\t<h2 style=\"text-align: center;\"><\/h2>\n<h2 style=\"text-align: center;\">Un accompagnement adapt\u00e9 \u00e0 la prise en charge de vos probl\u00e9matiques nutritionnelles et de comportement alimentaire<\/h2>\n\n\t\t<\/div> \n\t<\/div> \n\t<div class=\"wpb_text_column wpb_content_element  vc_custom_1447427160887\">\n\t\t<div class=\"wpb_wrapper\">\n\t\t\t<div style=\"font-size: 14px;\">\n<p>\u2022 Vous souhaitez <a href=\"http:\/\/www.conseil-formation-nutrition.com\/mfklucker\/nutrition\/\">prendre soin de vous<\/a>, faire la paix avec l\u2019alimentation et votre corps, vous souffrez d\u2019une pathologie n\u00e9cessitant une adaptation de votre alimentation : je vous accompagne pour comprendre les cl\u00e9s de votre rapport \u00e0 la nourriture et vous aider \u00e0 retrouver progressivement une alimentation en coh\u00e9rence avec vos besoins, vos sensations alimentaires et respectant vos go\u00fbts.<\/p>\n<\/div>\n\n\t\t<\/div> \n\t<\/div> <div class=\"invicta_calltoaction wpb_content_element style_1\"><div class=\"button\"><div class=\"invicta_button_wrapper invicta-alignment-left\"><a class=\"invicta_button invicta-size-medium invicta-icon_position-left\" href=\"https:\/\/www.conseil-formation-nutrition.com\/mfklucker\/contact-2\/\" target=\"_blank\"><i class=\"icon-comments\"><\/i>Prendre RDV<\/a><\/div><\/div><div class=\"text\"><div class=\"primary\"><\/p>\n<h4>Marie-Fran\u00e7oise KLUCKER vous accueille en cabinet param\u00e9dical<\/h4>\n<p><\/div><div class=\"secondary\">sur Rendez-Vous, au 506 avenue du 8 mai 1945 \u00e0 Caluire et Cuire.<\/div><\/div><\/div>\n\t\t\t\t<\/div>\n\t\t\t<\/div> \n\n\t\t<\/div> \n\t<\/div> \n\t\t<\/div> \n\t<\/div> \n<\/div><div class=\"vc_row wpb_row vc_row-fluid\">\n\t<div class=\"vc_col-sm-12 wpb_column vc_column_container\">\n\t\t<div class=\"wpb_wrapper\">\n\t\t\t\n\t<div class=\"wpb_single_image wpb_content_element vc_align_center\">\n\t\t<div class=\"wpb_wrapper\">\n\t\t\t\n\t\t\t<img loading=\"lazy\" decoding=\"async\" width=\"180\" height=\"185\" src=\"https:\/\/www.conseil-formation-nutrition.com\/mfklucker\/wp-content\/uploads\/2015\/07\/LOGO_MFK_Vertical-Horizontal.jpg\" class=\" vc_box_border_grey attachment-full\" alt=\"\" \/>\n\t\t<\/div> \n\t<\/div> \n\t\t<\/div> \n\t<\/div> \n<\/div><div class=\"vc_row wpb_row vc_row-fluid\">\n\t<div class=\"vc_col-sm-12 wpb_column vc_column_container\">\n\t\t<div class=\"wpb_wrapper\">\n\t\t\t\n\t\t<\/div> \n\t<\/div> \n<\/div><div class=\"vc_row wpb_row vc_row-fluid\">\n\t<div class=\"vc_col-sm-12 wpb_column vc_column_container\">\n\t\t<div class=\"wpb_wrapper\">\n\t\t\t\n\t\t<\/div> \n\t<\/div> \n<\/div><div class=\"vc_row wpb_row vc_row-fluid\">\n\t<div class=\"vc_col-sm-12 wpb_column vc_column_container\">\n\t\t<div class=\"wpb_wrapper\">\n\t\t\t<div class=\"invicta_heading center big\"><div class=\"primary\">Que l'aliment soit ta premi\u00e8re m\u00e9decine<\/div><div class=\"secondary\">Hippocrate<\/div><\/div>\n\t\t<\/div> \n\t<\/div> \n<\/div><div class=\"vc_row wpb_row vc_row-fluid\">\n\t<div class=\"vc_col-sm-12 wpb_column vc_column_container\">\n\t\t<div class=\"wpb_wrapper\">\n\t\t\t\n\t\t<\/div> \n\t<\/div> \n<\/div><div class=\"vc_row wpb_row vc_row-fluid\">\n\t<div class=\"vc_col-sm-12 wpb_column vc_column_container\">\n\t\t<div class=\"wpb_wrapper\">\n\t\t\t\n\t\t<\/div> \n\t<\/div> \n<\/div>\n","protected":false},"excerpt":{"rendered":"\u00a0CR\u00c9ER UN CONTINUUM ENTRE SANT\u00c9 ET NUTRITION Une expertise plurielle au service de la sant\u00e9 humaine CONSEILUne expertise scientifique et r\u00e9glementaire d\u00e9di\u00e9e aux services des entreprises, centres de recherche acad\u00e9miques, incubateurs et cellules de transfert de technologie du secteur des Sciences de la Vie. FORMATIONUne offre diversifi\u00e9e de savoirs th\u00e9oriques et pratiques d\u00e9velopp\u00e9s en Sant\u00e9 [...]","protected":false},"author":1,"featured_media":0,"parent":0,"menu_order":0,"comment_status":"closed","ping_status":"open","template":"","meta":{"footnotes":""},"class_list":["post-24","page","type-page","status-publish","hentry","invicta_simple_style_entry"],"_links":{"self":[{"href":"https:\/\/www.conseil-formation-nutrition.com\/mfklucker\/wp-json\/wp\/v2\/pages\/24","targetHints":{"allow":["GET"]}}],"collection":[{"href":"https:\/\/www.conseil-formation-nutrition.com\/mfklucker\/wp-json\/wp\/v2\/pages"}],"about":[{"href":"https:\/\/www.conseil-formation-nutrition.com\/mfklucker\/wp-json\/wp\/v2\/types\/page"}],"author":[{"embeddable":true,"href":"https:\/\/www.conseil-formation-nutrition.com\/mfklucker\/wp-json\/wp\/v2\/users\/1"}],"replies":[{"embeddable":true,"href":"https:\/\/www.conseil-formation-nutrition.com\/mfklucker\/wp-json\/wp\/v2\/comments?post=24"}],"version-history":[{"count":138,"href":"https:\/\/www.conseil-formation-nutrition.com\/mfklucker\/wp-json\/wp\/v2\/pages\/24\/revisions"}],"predecessor-version":[{"id":423,"href":"https:\/\/www.conseil-formation-nutrition.com\/mfklucker\/wp-json\/wp\/v2\/pages\/24\/revisions\/423"}],"wp:attachment":[{"href":"https:\/\/www.conseil-formation-nutrition.com\/mfklucker\/wp-json\/wp\/v2\/media?parent=24"}],"curies":[{"name":"wp","href":"https:\/\/api.w.org\/{rel}","templated":true}]}}